{"id":2,"date":"2024-03-18T05:37:51","date_gmt":"2024-03-18T05:37:51","guid":{"rendered":"http:\/\/shpb.put.poznan.pl\/?page_id=2"},"modified":"2024-04-29T13:24:08","modified_gmt":"2024-04-29T13:24:08","slug":"sample-page","status":"publish","type":"page","link":"https:\/\/shpb.put.poznan.pl\/?page_id=2","title":{"rendered":"O projekcie"},"content":{"rendered":"\n<p class=\"has-text-align-justify has-medium-font-size\">Badanie dynamicznych w\u0142a\u015bciwo\u015bci mechanicznych materia\u0142\u00f3w metalicznych nale\u017cy do jednego z najistotniejszych z punktu widzenia kluczowych sektor\u00f3w polskiej gospodarki tj. rolniczego i przemys\u0142owego. Znajomo\u015b\u0107 ww. w\u0142a\u015bciwo\u015bci, rozumianych w szczeg\u00f3lno\u015bci jako zale\u017cno\u015b\u0107 napr\u0119\u017cenie-odkszta\u0142cenie dla r\u00f3\u017cnych warto\u015bci pr\u0119dko\u015bci deformacji i\/lub w funkcji temperatury, jest niezb\u0119dna w celu podejmowanie decyzji projektowych i eksperckich (np. projektowanie gazoport\u00f3w, projektowanie elektrowni, w tym j\u0105drowych, zabezpieczania w przemy\u015ble g\u00f3rniczym i zbrojeniowym, wspomaganie decyzji eksperckich w katastrofach drogowych i lotniczych). W grupie bada\u0144 dynamicznych w\u0142a\u015bciwo\u015bci mechanicznych materia\u0142\u00f3w metalicznych, do kluczowej nale\u017cy metoda dynamicznego \u015bciskania na tzw. pr\u0119cie Hopkinsona (ang.Split-Hopkinson pressure bar). W badaniu tym, pr\u00f3bk\u0119 (w kszta\u0142cie walca) umieszcza si\u0119 pomi\u0119dzy ko\u0144cami dw\u00f3ch prostych pr\u0119t\u00f3w. W wyniku oddzia\u0142ywania impaktora, na ko\u0144cu pierwszego pr\u0119ta tzw. transmituj\u0105cego powstaje fala napr\u0119\u017cenia, kt\u00f3ra rozprzestrzenia si\u0119 przez pr\u0119t w kierunku pr\u00f3bki. Fala ta nazywana jest fal\u0105 padaj\u0105c\u0105 i po dotarciu do pr\u00f3bki rozdziela si\u0119 na dwie fale. Jedna z nich, fala transmitowana, przemieszcza si\u0119 przez pr\u00f3bk\u0119 do pr\u0119ta tzw. odbieraj\u0105cego, powoduj\u0105c odkszta\u0142cenie spr\u0119\u017cysto-plastyczne pr\u00f3bki. Druga fala, zwana fal\u0105 odbit\u0105, odbija si\u0119 od pr\u00f3bki i przemieszcza si\u0119 z powrotem w pr\u0119cie transmituj\u0105cym. Odpowiednia analiza ww. fal umo\u017cliwia uzyskanie dynamicznych w\u0142a\u015bciwo\u015bci mechanicznych badanych materia\u0142\u00f3w w funkcji pr\u0119dko\u015bci deformacji (kt\u00f3ra zale\u017cy od pr\u0119dko\u015bci impaktora) i\/lub funkcji temperatury, kt\u00f3r\u0105 mo\u017cna regulowa\u0107 stosuj\u0105c dodatkowo grzanie\/ch\u0142odzenie pr\u00f3bki.<\/p>\n\n\n\n<p class=\"has-text-align-justify\">Badanie na pr\u0119cie Hopkinsona, mimo kilku dziesi\u0119cioleci znajomo\u015bci tej metody, nie posiada sformu\u0142owanych wytycznych\/wzorca, co do budowy takiego stanowiska. <strong>Powoduje to, i\u017c badania wykonywane na tym samym materiale przez r\u00f3\u017cne o\u015brodki naukowe\/badawcze mog\u0105 prowadzi\u0107 do r\u00f3\u017cnicy si\u0119gaj\u0105cej nawet 30%.<\/strong> Tak du\u017cy rozrzut wynik\u00f3w pomiar\u00f3w mo\u017ce prowadzi\u0107 do daleko id\u0105cych konsekwencji, w tym w szczeg\u00f3lno\u015bci do sytuacji niebezpiecznych z punktu widzenia zdrowia ludzkiego, czy te\u017c bezpiecze\u0144stwa infrastruktury krytycznej. Maj\u0105c na uwadze powy\u017csze, <strong>konsorcjum Politechniki Pozna\u0144skiej i Politechniki Opolskiej stawia sobie za cel opracowanie wzorcowego stanowiska do badania dynamicznych w\u0142a\u015bciwo\u015bci mechanicznych materia\u0142\u00f3w metalicznych<\/strong> w pr\u00f3bie \u015bciskania dla pr\u0119dko\u015bci odkszta\u0142ce\u0144 do 10&nbsp;000&nbsp;1\/s.<\/p>\n\n\n\n<p class=\"has-text-align-justify has-text-align-justify\">Projekt jest finansowany ze \u015brodk\u00f3w bud\u017cetu pa\u0144stwa, przyznanych przez Ministra Nauki w ramach programu Polska Metrologia II. <\/p>\n\n\n\n<p class=\"has-text-align-justify has-text-align-justify\">Kierownik projektu: prof. dr hab. in\u017c. Wojciech Sumelka, Politechnika Pozna\u0144ska<\/p>\n\n\n\n<figure class=\"wp-block-image aligncenter size-large\"><img loading=\"lazy\" decoding=\"async\" width=\"724\" height=\"1024\" src=\"https:\/\/shpb.put.poznan.pl\/wp-content\/uploads\/2024\/04\/Plakat_Metrologia-2-724x1024.png\" alt=\"\" class=\"wp-image-117\" srcset=\"https:\/\/shpb.put.poznan.pl\/wp-content\/uploads\/2024\/04\/Plakat_Metrologia-2-724x1024.png 724w, https:\/\/shpb.put.poznan.pl\/wp-content\/uploads\/2024\/04\/Plakat_Metrologia-2-212x300.png 212w, https:\/\/shpb.put.poznan.pl\/wp-content\/uploads\/2024\/04\/Plakat_Metrologia-2-768x1086.png 768w, https:\/\/shpb.put.poznan.pl\/wp-content\/uploads\/2024\/04\/Plakat_Metrologia-2-1086x1536.png 1086w, https:\/\/shpb.put.poznan.pl\/wp-content\/uploads\/2024\/04\/Plakat_Metrologia-2-1448x2048.png 1448w\" sizes=\"auto, (max-width: 724px) 100vw, 724px\" \/><\/figure>\n\n\n\n<div style=\"height:25px\" aria-hidden=\"true\" class=\"wp-block-spacer\"><\/div>\n","protected":false},"excerpt":{"rendered":"<p>Badanie dynamicznych w\u0142a\u015bciwo\u015bci mechanicznych materia\u0142\u00f3w metalicznych nale\u017cy do jednego z najistotniejszych z punktu widzenia kluczowych sektor\u00f3w polskiej gospodarki tj. rolniczego i przemys\u0142owego. Znajomo\u015b\u0107 ww. w\u0142a\u015bciwo\u015bci, rozumianych w szczeg\u00f3lno\u015bci jako zale\u017cno\u015b\u0107 napr\u0119\u017cenie-odkszta\u0142cenie dla r\u00f3\u017cnych warto\u015bci pr\u0119dko\u015bci deformacji i\/lub w funkcji temperatury, jest niezb\u0119dna w celu podejmowanie decyzji projektowych i eksperckich (np. projektowanie gazoport\u00f3w, projektowanie elektrowni, w [&hellip;]<\/p>\n","protected":false},"author":1,"featured_media":0,"parent":0,"menu_order":0,"comment_status":"closed","ping_status":"open","template":"","meta":{"_editorskit_title_hidden":false,"_editorskit_reading_time":0,"_editorskit_is_block_options_detached":false,"_editorskit_block_options_position":"{}","footnotes":""},"class_list":["post-2","page","type-page","status-publish","hentry"],"_links":{"self":[{"href":"https:\/\/shpb.put.poznan.pl\/index.php?rest_route=\/wp\/v2\/pages\/2","targetHints":{"allow":["GET"]}}],"collection":[{"href":"https:\/\/shpb.put.poznan.pl\/index.php?rest_route=\/wp\/v2\/pages"}],"about":[{"href":"https:\/\/shpb.put.poznan.pl\/index.php?rest_route=\/wp\/v2\/types\/page"}],"author":[{"embeddable":true,"href":"https:\/\/shpb.put.poznan.pl\/index.php?rest_route=\/wp\/v2\/users\/1"}],"replies":[{"embeddable":true,"href":"https:\/\/shpb.put.poznan.pl\/index.php?rest_route=%2Fwp%2Fv2%2Fcomments&post=2"}],"version-history":[{"count":24,"href":"https:\/\/shpb.put.poznan.pl\/index.php?rest_route=\/wp\/v2\/pages\/2\/revisions"}],"predecessor-version":[{"id":119,"href":"https:\/\/shpb.put.poznan.pl\/index.php?rest_route=\/wp\/v2\/pages\/2\/revisions\/119"}],"wp:attachment":[{"href":"https:\/\/shpb.put.poznan.pl\/index.php?rest_route=%2Fwp%2Fv2%2Fmedia&parent=2"}],"curies":[{"name":"wp","href":"https:\/\/api.w.org\/{rel}","templated":true}]}}